r when 25526385 is divided by 38.
37
What is the remainder when 6634655 is divided by 354?
341
What is the remainder when 16497168 is divided by 539?
534
What is the remainder when 447976 is divided by 447894?
82
Calculate the remainder when 249427535 is divided by 408.
407
What is the remainder when 7710830 is divided by 7710736?
94
Calculate the remainder when 111807936 is divided by 3993140.
16
What is the remainder when 89028 is divided by 1819?
1716
What is the remainder when 999838 is divided by 94?
54
What is the remainder when 1653553 is divided by 2393?
2383
Calculate the remainder when 2207482 is divided by 26.
4
What is the remainder when 708487 is divided by 101159?
374
Calculate the remainder when 1380142 is divided by 109.
93
What is the remainder when 988727 is divided by 489?
458
What is the remainder when 2800743 is divided by 545?
533
What is the remainder when 122148111 is divided by 298?
295
Calculate the remainder when 8787708 is divided by 19.
18
Calculate the remainder when 38201 is divided by 3418.
603
What is the remainder when 140828170 is divided by 2539?
2535
What is the remainder when 95167 is divided by 1613?
0
Calculate the remainder when 7175890 is divided by 163.
141
Calculate the remainder when 1285230 is divided by 184.
174
Calculate the remainder when 40324671 is divided by 2520290.
31
Calculate the remainder when 5400528 is divided by 335.
328
Calculate the remainder when 4407419 is divided by 58.
57
What is the remainder when 22305400 is divided by 17?
6
Calculate the remainder when 21248 is divided by 4740.
2288
Calculate the remainder when 54237954 is divided by 541.
540
What is the remainder when 1786362 is divided by 36?
6
What is the remainder when 707 is divided by 328?
51
Calculate the remainder when 56231 is divided by 2057.
692
What is the remainder when 64403 is divided by 64063?
340
What is the remainder when 3515362 is divided by 1501?
20
Calculate the remainder when 2074447 is divided by 7080.
7
What is the remainder when 1786543 is divided by 1785858?
685
What is the remainder when 253234 is divided by 13275?
1009
Calculate the remainder when 56522869 is divided by 570938.
7
Calculate the remainder when 30737082 is divided by 1740.
1722
What is the remainder when 15390 is divided by 747?
450
Calculate the remainder when 2102632 is divided by 30920.
72
What is the remainder when 31815 is divided by 7184?
3079
Calculate the remainder when 1354162 is divided by 74971.
4684
Calculate the remainder when 20181 is divided by 3486.
2751
What is the remainder when 33360 is divided by 1330?
110
What is the remainder when 18067201 is divided by 1806719?
11
Calculate the remainder when 26901623 is divided by 22.
1
What is the remainder when 9029029 is divided by 1367?
1361
Calculate the remainder when 6098060 is divided by 2181.
2165
What is the remainder when 14578 is divided by 6736?
1106
What is the remainder when 1835032 is divided by 611262?
1246
What is the remainder when 40503966 is divided by 13?
9
What is the remainder when 279912 is divided by 547?
395
Calculate the remainder when 7355076 is divided by 23202.
42
Calculate the remainder when 172166 is divided by 4529.
64
What is the remainder when 1122119 is divided by 8373?
137
Calculate the remainder when 24328258 is divided by 990.
988
What is the remainder when 245226 is divided by 5592?
4770
What is the remainder when 24685591 is divided by 1783?
1739
What is the remainder when 556490 is divided by 2031?
2027
Calculate the remainder when 392518878 is divided by 160.
158
What is the remainder when 7533061 is divided by 6357?
16
What is the remainder when 53962 is divided by 17782?
616
What is the remainder when 13847574 is divided by 218?
214
What is the remainder when 43689283 is divided by 1756?
3
Calculate the remainder when 126810605 is divided by 501.
491
What is the remainder when 106409086 is divided by 420?
406
Calculate the remainder when 13446 is divided by 5630.
2186
What is the remainder when 1260293 is divided by 644?
629
Calculate the remainder when 305242 is divided by 304733.
509
What is the remainder when 3211174 is divided by 66899?
22
Calculate the remainder when 21092250 is divided by 21994.
4
Calculate the remainder when 693682 is divided by 8779.
141
Calculate the remainder when 5600636 is divided by 190.
6
What is the remainder when 916889 is divided by 7770?
29
Calculate the remainder when 1608538 is divided by 4519.
4293
What is the remainder when 44261 is divided by 964?
881
What is the remainder when 2237633 is divided by 435?
428
What is the remainder when 2023193 is divided by 10761?
125
What is the remainder when 5979491 is divided by 419?
361
Calculate the remainder when 14291432 is divided by 117.
116
What is the remainder when 23717 is divided by 10653?
2411
Calculate the remainder when 2184555 is divided by 5985.
30
Calculate the remainder when 304558957 is divided by 233.
230
What is the remainder when 151401 is divided by 6573?
222
Calculate the remainder when 8600597 is divided by 1146.
1013
What is the remainder when 228729 is divided by 8767?
787
What is the remainder when 22429 is divided by 924?
253
What is the remainder when 741926 is divided by 1212?
182
Calculate the remainder when 30459334 is divided by 24.
22
Calculate the remainder when 2551110 is divided by 1275533.
44
Calculate the remainder when 33707093 is divided by 1264.
5
Calculate the remainder when 83464 is divided by 2846.
930
What is the remainder when 1122581 is divided by 458?
23
Calculate the remainder when 11996953 is divided by 34474.
1
What is the remainder when 268844 is divided by 44792?
92
Calculate the remainder when 27789886 is divided by 217.
215
What is the remainder when 360595 is divided by 472?
459
What is the remainder when 4315622 is divided by 466?
462
What is the remainder when 45818 is divided by 9134?
148
Calculate the remainder when 3550650 is divided by 1183448.
306
Calculate the remainder when 524570 is divided by 1138.
1090
Calculate the remainder when 3029106 is divided by 3014.
36
What is the remainder when 30195796 is divided by 1509789?
16
What is the remainder when 986619 is divided by 951?
432
Calculate the remainder when 92074144 is divided by 887.
883
Calculate the remainder when 3931143 is divided by 1161.
1158
What is the remainder when 1066182 is divided by 451?
18
Calculate the remainder when 424602 is divided by 124.
26
Calculate the remainder when 10108 is divided by 637.
553
Calculate the remainder when 125647 is divided by 1513.
68
Calculate the remainder when 1762240 is divided by 530.
520
Calculate the remainder when 119653 is divided by 36166.
11155
Calculate the remainder when 7755301 is divided by 1755.
1711
Calculate the remainder when 106925 is divided by 3479.
2555
What is the remainder when 84043 is divided by 1586?
1571
Calculate the remainder when 56031912 is divided by 2075256.
0
What is the remainder when 40044085 is divided by 198238?
9
Calculate the remainder when 97211 is divided by 2618.
345
Calculate the remainder when 40687415 is divided by 146.
135
What is the remainder when 123483 is divided by 28?
3
What is the remainder when 426701 is divided by 140?
121
Calculate the remainder when 557998 is divided by 7931.
2828
What is the remainder when 9448856 is divided by 164?
160
Calculate the remainder when 6474272 is divided by 65.
12
What is the remainder when 6505797 is divided by 44?
1
What is the remainder when 5090604 is divided by 636325?
4
What is the remainder when 1208331 is divided by 421?
61
Calculate the remainder when 2488316 is divided by 2625.
2441
Calculate the remainder when 219784 is divided by 12884.
756
What is the remainder when 1819638 is divided by 304?
198
What is the remainder when 2572284 is divided by 63?
57
Calculate the remainder when 429471 is divided by 686.
35
Calculate the remainder when 192197478 is divided by 3171.
3168
What is the remainder when 10336285 is divided by 2556?
2377
Calculate the remainder when 129028061 is divided by 4.
1
What is the remainder when 11281301 is divided by 128?
21
Calculate the remainder when 5062825 is divided by 74452.
89
Calculate the remainder when 61533 is divided by 2794.
65
What is the remainder when 1